{"id":64,"date":"2021-03-03T01:35:55","date_gmt":"2021-03-03T00:35:55","guid":{"rendered":"https:\/\/new.rtds.jamu.cz\/?page_id=64"},"modified":"2026-05-02T04:01:02","modified_gmt":"2026-05-02T02:01:02","slug":"atelier","status":"publish","type":"page","link":"https:\/\/rtds.jamu.cz\/?page_id=64","title":{"rendered":"Rozhlasov\u00e1 a televizn\u00ed dramaturgie a scen\u00e1ristika"},"content":{"rendered":"\n<p><strong>Ateli\u00e9r rozhlasov\u00e9 a televizn\u00ed dramaturgie a scen\u00e1ristiky vznikl na JAMU roku 1991. Koncepce oboru vych\u00e1z\u00ed z p\u0159edpokladu, \u017ee profese televizn\u00edho a rozhlasov\u00e9ho dramaturga a sc\u00e9n\u00e1risty vy\u017eaduje jak specializovanou pr\u016fpravu, tak \u0161ir\u0161\u00ed erudici v problematice kulturn\u00ed historie, masov\u00e9 komunikace a v pestr\u00e9 \u0161k\u00e1le um\u011bleck\u00fdch a publicistick\u00fdch \u017e\u00e1nr\u016f. C\u00edlem t\u00e9to mnohostrann\u00e9 v\u00fduky je v\u00fdchova dramaturg\u016f a sc\u00e9n\u00e1rist\u016f, kte\u0159\u00ed jsou technicky zru\u010dn\u00ed a z\u00e1rove\u0148 p\u0159em\u00fd\u0161liv\u00ed a um\u011blecky tvo\u0159iv\u00ed.<\/strong><\/p>\n\n\n\n<p>Studijn\u00ed program proto zahrnuje krom\u011b p\u0159edn\u00e1\u0161ek o tvorb\u011b rozhlasov\u00fdch a televizn\u00edch \u017e\u00e1nr\u016f (v\u010detn\u011b praktick\u00fdch cvi\u010den\u00ed s audiovizu\u00e1ln\u00ed technikou) tak\u00e9 v\u00fduku zam\u011b\u0159enou na sociologii masov\u00fdch m\u00e9di\u00ed a kultury v\u016fbec, na typologii filmu, na um\u011bleckou kritiku, na d\u011bjiny \u010desk\u00e9ho a sv\u011btov\u00e9ho divadla a na vybran\u00e9 kapitoly z poetiky a liter\u00e1rn\u00ed historie. Umo\u017e\u0148uje tak poslucha\u010d\u016fm, aby rozv\u00edjeli svou schopnost reflektovat specifick\u00e9 n\u00e1roky televize a rozhlasu z \u0161ir\u0161\u00edho kulturn\u00edho hlediska.<\/p>\n\n\n\n<p>V semin\u00e1\u0159\u00edch autorsk\u00e9 tvorby a p\u0159i v\u00fduce o rozmanit\u00fdch medi\u00e1ln\u00edch \u017e\u00e1nrech jsou studenti podn\u011bcov\u00e1ni k samostatn\u00fdm pokus\u016fm o krat\u0161\u00ed publicistick\u00e9, prozaick\u00e9 a dramatick\u00e9 \u00fatvary. Pozornost je v\u011bnov\u00e1na tak\u00e9 rozhlasov\u00fdm a televizn\u00edm adaptac\u00edm liter\u00e1rn\u00edch d\u011bl. Pr\u00e1v\u011b s ohledem na \u00falohu, jakou m\u016f\u017ee m\u00edt v m\u00e9di\u00edch popularizace divadla, literatury a filmu, klademe d\u016fraz na to, aby se poslucha\u010di dok\u00e1zali v t\u011bchto oborech orientovat a pozn\u00e1vali r\u016fzn\u00e9 p\u0159\u00edstupy v\u00fdkladov\u00e9 a realiza\u010dn\u00ed.<\/p>\n\n\n\n<p>Studium RTDS v r\u00e1mci Divadeln\u00ed fakulty JAMU umo\u017e\u0148uje poslucha\u010d\u016fm kontakt s \u0159adou jin\u00fdch obor\u016f dramatick\u00fdch um\u011bn\u00ed, s jejich akcemi a projekty. Mohou tak z\u00edskat p\u0159edstavu o mo\u017enostech hereck\u00e9 pr\u00e1ce nejen na jevi\u0161ti, ale tak\u00e9 p\u0159ed kamerou a mikrofonem. Maj\u00ed p\u0159\u00edle\u017eitost ps\u00e1t sv\u00e9 texty pro konkr\u00e9tn\u00ed interprety a ov\u011b\u0159it si svou autorskou p\u0159edstavu v praxi.<\/p>\n\n\n\n<p class=\"has-white-color has-text-color\">.<\/p>\n\n\n\n<p><strong>vedouc\u00ed ateli\u00e9ru<\/strong>&nbsp;| prof. MgA. Hana Slav\u00edkov\u00e1 , Ph.D.<\/p>\n\n\n\n<p><strong>profeso\u0159i\u00a0|<\/strong> prof. PhDr. Alena Bla\u017eejovsk\u00e1, prof. Mgr. Jan Gogola<\/p>\n\n\n\n<p><strong>docenti |<\/strong> \u00a0doc. Mgr. MgA. Eva Schulzov\u00e1 , Ph.D.<\/p>\n\n\n\n<p><strong>pedagogov\u00e9\u00a0|<\/strong> PhDr. Pavel Aujezdsk\u00fd, Mgr. \u0160t\u011bp\u00e1n Hul\u00edk, MgA. Bc. Petr Kobzev, MgA. Tereza Rekov\u00e1, Ph.D., MgA. Mark\u00e9ta S\u00e1ra Valnohov\u00e1, MgA. Petr Va\u0161k\u016f<\/p>\n","protected":false},"excerpt":{"rendered":"<p>Ateli\u00e9r rozhlasov\u00e9 a televizn\u00ed dramaturgie a scen\u00e1ristiky vznikl na JAMU roku 1991. Koncepce oboru vych\u00e1z\u00ed z p\u0159edpokladu, \u017ee profese televizn\u00edho a rozhlasov\u00e9ho dramaturga a sc\u00e9n\u00e1risty vy\u017eaduje jak specializovanou pr\u016fpravu, tak \u0161ir\u0161\u00ed erudici v problematice kulturn\u00ed historie, masov\u00e9 komunikace a v pestr\u00e9 \u0161k\u00e1le um\u011bleck\u00fdch a publicistick\u00fdch \u017e\u00e1nr\u016f. C\u00edlem t\u00e9to mnohostrann\u00e9 v\u00fduky je v\u00fdchova dramaturg\u016f a sc\u00e9n\u00e1rist\u016f, [&hellip;]<\/p>\n","protected":false},"author":3,"featured_media":0,"parent":0,"menu_order":0,"comment_status":"closed","ping_status":"closed","template":"","meta":{"_acf_changed":false,"footnotes":""},"class_list":["post-64","page","type-page","status-publish","hentry"],"acf":[],"_links":{"self":[{"href":"https:\/\/rtds.jamu.cz\/index.php?rest_route=\/wp\/v2\/pages\/64","targetHints":{"allow":["GET"]}}],"collection":[{"href":"https:\/\/rtds.jamu.cz\/index.php?rest_route=\/wp\/v2\/pages"}],"about":[{"href":"https:\/\/rtds.jamu.cz\/index.php?rest_route=\/wp\/v2\/types\/page"}],"author":[{"embeddable":true,"href":"https:\/\/rtds.jamu.cz\/index.php?rest_route=\/wp\/v2\/users\/3"}],"replies":[{"embeddable":true,"href":"https:\/\/rtds.jamu.cz\/index.php?rest_route=%2Fwp%2Fv2%2Fcomments&post=64"}],"version-history":[{"count":25,"href":"https:\/\/rtds.jamu.cz\/index.php?rest_route=\/wp\/v2\/pages\/64\/revisions"}],"predecessor-version":[{"id":7447,"href":"https:\/\/rtds.jamu.cz\/index.php?rest_route=\/wp\/v2\/pages\/64\/revisions\/7447"}],"wp:attachment":[{"href":"https:\/\/rtds.jamu.cz\/index.php?rest_route=%2Fwp%2Fv2%2Fmedia&parent=64"}],"curies":[{"name":"wp","href":"https:\/\/api.w.org\/{rel}","templated":true}]}}